{"id":120914,"date":"2014-04-07T05:35:33","date_gmt":"2014-04-07T04:35:33","guid":{"rendered":"http:\/\/www.cefihgu.es\/?page_id=120914"},"modified":"2022-10-19T15:14:03","modified_gmt":"2022-10-19T14:14:03","slug":"eugenio-ruiz-garcia-peco","status":"publish","type":"page","link":"https:\/\/cefihgu.es\/en\/fotografos\/eugenio-ruiz-garcia-peco\/","title":{"rendered":"Eugenio Ruiz Garcia &quot;Peco&quot;"},"content":{"rendered":"<div id=\"dslc-theme-content\"><div id=\"dslc-theme-content-inner\">\t\t<div data-elementor-type=\"wp-page\" data-elementor-id=\"120914\" class=\"elementor elementor-120914\">\n\t\t\t\t\t\t<div class=\"elementor-inner\">\n\t\t\t\t<div class=\"elementor-section-wrap\">\n\t\t\t\t\t\t\t\t\t<section class=\"elementor-section elementor-top-section elementor-element elementor-element-801cb00 elementor-section-boxed elementor-section-height-default elementor-section-height-default\" data-id=\"801cb00\" data-element_type=\"section\">\n\t\t\t\t\t\t<div class=\"elementor-container elementor-column-gap-default\">\n\t\t\t\t\t\t\t<div class=\"elementor-row\">\n\t\t\t\t\t<div class=\"elementor-column elementor-col-100 elementor-top-column elementor-element elementor-element-beea6bd\" data-id=\"beea6bd\" data-element_type=\"column\">\n\t\t\t<div class=\"elementor-column-wrap elementor-element-populated\">\n\t\t\t\t\t\t\t<div class=\"elementor-widget-wrap\">\n\t\t\t\t\t\t<div class=\"elementor-element elementor-element-b7c8f2e elementor-widget elementor-widget-spacer\" data-id=\"b7c8f2e\" data-element_type=\"widget\" data-widget_type=\"spacer.default\">\n\t\t\t\t<div class=\"elementor-widget-container\">\n\t\t\t\t\t<div class=\"elementor-spacer\">\n\t\t\t<div class=\"elementor-spacer-inner\"><\/div>\n\t\t<\/div>\n\t\t\t\t<\/div>\n\t\t\t\t<\/div>\n\t\t\t\t\t\t<\/div>\n\t\t\t\t\t<\/div>\n\t\t<\/div>\n\t\t\t\t\t\t\t\t<\/div>\n\t\t\t\t\t<\/div>\n\t\t<\/section>\n\t\t\t\t<section class=\"elementor-section elementor-top-section elementor-element elementor-element-4bf00dcd elementor-section-boxed elementor-section-height-default elementor-section-height-default\" data-id=\"4bf00dcd\" data-element_type=\"section\">\n\t\t\t\t\t\t<div class=\"elementor-container elementor-column-gap-default\">\n\t\t\t\t\t\t\t<div class=\"elementor-row\">\n\t\t\t\t\t<div class=\"elementor-column elementor-col-100 elementor-top-column elementor-element elementor-element-29809352\" data-id=\"29809352\" data-element_type=\"column\">\n\t\t\t<div class=\"elementor-column-wrap elementor-element-populated\">\n\t\t\t\t\t\t\t<div class=\"elementor-widget-wrap\">\n\t\t\t\t\t\t<div class=\"elementor-element elementor-element-4c3fe37a elementor-widget elementor-widget-text-editor\" data-id=\"4c3fe37a\" data-element_type=\"widget\" data-widget_type=\"text-editor.default\">\n\t\t\t\t<div class=\"elementor-widget-container\">\n\t\t\t\t\t\t\t\t<div class=\"elementor-text-editor elementor-clearfix\">\n\t\t\t\t<strong><a href=\"http:\/\/www.cefihgu.es\/wp-content\/uploads\/1-PECO.jpg\"><img loading=\"lazy\" class=\"alignleft wp-image-121885 size-medium\" src=\"http:\/\/www.cefihgu.es\/wp-content\/uploads\/1-PECO-203x300.jpg\" alt=\"PECO\" width=\"203\" height=\"300\" srcset=\"https:\/\/cefihgu.es\/wp-content\/uploads\/1-PECO-203x300.jpg 203w, https:\/\/cefihgu.es\/wp-content\/uploads\/1-PECO.jpg 684w\" sizes=\"(max-width: 203px) 100vw, 203px\" \/><\/a>Eugenio Ruiz Garcia<\/strong> He was born in Molina de Arag\u00f3n on March 21, 1921. He was linked throughout his life to the store called <strong>\u201cI sin\u201d,<\/strong> located in the Plaza de San Pedro of this town. The name of the trade &quot;Peco&quot; comes from his maternal grandmother, who had this last name. From her it passed to her son Luis Ru\u00edz and from him to two of his sons, C\u00e1ndido and Eugenio. The business underwent some changes over time, without abandoning its initial occupation of haberdashery, gradually expanding to perfumery, gifts and <strong>photography studio. <\/strong>\r\n\r\nThe studio was installed in the same building as the store and the family residence around 1947, when the two brothers had learned developing techniques. Both alternated working in the store and in the photographic studio. Eugenio carried out external work, going where he was required to do a photographic report or the photos of the Identity Card. The realization of the portraits for the DNI was the driving activity of the Peco Photographic Studio, reaching all the inhabited corners of the Se\u00f1or\u00edo de Molina and the reason why all its adult inhabitants, for three decades, were photographed by Eugenio Ruiz. On the back of the photographs was \u201cPeco photographic reports\u201d. Eugenio Ru\u00edz did a meticulous job, especially conservation, keeping all the negatives, which were revealed in the study, corresponding to 87 towns in the Se\u00f1or\u00edo and another 35 more in the province of Guadalajara and the bordering areas of Teruel and Zaragoza. It is the graphic history of an era of the Se\u00f1or\u00edo de Molina and its capital. The photographs are sociological documents of high descriptive value, which open the doors of memory: images of a time, of a culture, of a community, showing the solemnity and grandeur of its people in their faces and clothing. In May 2004, the family deposited their Photographic Archive at the CEFIHGU for conservation.\t\t\t\t\t<\/div>\n\t\t\t\t\t\t<\/div>\n\t\t\t\t<\/div>\n\t\t\t\t\t\t<\/div>\n\t\t\t\t\t<\/div>\n\t\t<\/div>\n\t\t\t\t\t\t\t\t<\/div>\n\t\t\t\t\t<\/div>\n\t\t<\/section>\n\t\t\t\t<section class=\"elementor-section elementor-top-section elementor-element elementor-element-ca34e63 elementor-section-boxed elementor-section-height-default elementor-section-height-default\" data-id=\"ca34e63\" data-element_type=\"section\">\n\t\t\t\t\t\t<div class=\"elementor-container elementor-column-gap-default\">\n\t\t\t\t\t\t\t<div class=\"elementor-row\">\n\t\t\t\t\t<div class=\"elementor-column elementor-col-100 elementor-top-column elementor-element elementor-element-31b7daf\" data-id=\"31b7daf\" data-element_type=\"column\">\n\t\t\t<div class=\"elementor-column-wrap elementor-element-populated\">\n\t\t\t\t\t\t\t<div class=\"elementor-widget-wrap\">\n\t\t\t\t\t\t<div class=\"elementor-element elementor-element-915e12a elementor-widget elementor-widget-spacer\" data-id=\"915e12a\" data-element_type=\"widget\" data-widget_type=\"spacer.default\">\n\t\t\t\t<div class=\"elementor-widget-container\">\n\t\t\t\t\t<div class=\"elementor-spacer\">\n\t\t\t<div class=\"elementor-spacer-inner\"><\/div>\n\t\t<\/div>\n\t\t\t\t<\/div>\n\t\t\t\t<\/div>\n\t\t\t\t\t\t<\/div>\n\t\t\t\t\t<\/div>\n\t\t<\/div>\n\t\t\t\t\t\t\t\t<\/div>\n\t\t\t\t\t<\/div>\n\t\t<\/section>\n\t\t\t\t\t\t\t\t\t<\/div>\n\t\t\t<\/div>\n\t\t\t\t\t<\/div>\n\t\t<\/div><\/div>","protected":false},"excerpt":{"rendered":"<p>Eugenio Ru\u00edz Garc\u00eda was born in Molina de Arag\u00f3n on March 21, 1921. Throughout his life he was linked to the store called \u201cPeco\u201d, located in the Plaza de San Pedro in this town. The name of the trade &quot;Peco&quot; comes from his maternal grandmother, who had this last name. From her he passed to his [\u2026]<\/p>","protected":false},"author":4,"featured_media":0,"parent":6538,"menu_order":0,"comment_status":"open","ping_status":"open","template":"","meta":{"_mi_skip_tracking":false},"acf":[],"_links":{"self":[{"href":"https:\/\/cefihgu.es\/en\/wp-json\/wp\/v2\/pages\/120914"}],"collection":[{"href":"https:\/\/cefihgu.es\/en\/wp-json\/wp\/v2\/pages"}],"about":[{"href":"https:\/\/cefihgu.es\/en\/wp-json\/wp\/v2\/types\/page"}],"author":[{"embeddable":true,"href":"https:\/\/cefihgu.es\/en\/wp-json\/wp\/v2\/users\/4"}],"replies":[{"embeddable":true,"href":"https:\/\/cefihgu.es\/en\/wp-json\/wp\/v2\/comments?post=120914"}],"version-history":[{"count":3,"href":"https:\/\/cefihgu.es\/en\/wp-json\/wp\/v2\/pages\/120914\/revisions"}],"predecessor-version":[{"id":247249,"href":"https:\/\/cefihgu.es\/en\/wp-json\/wp\/v2\/pages\/120914\/revisions\/247249"}],"up":[{"embeddable":true,"href":"https:\/\/cefihgu.es\/en\/wp-json\/wp\/v2\/pages\/6538"}],"wp:attachment":[{"href":"https:\/\/cefihgu.es\/en\/wp-json\/wp\/v2\/media?parent=120914"}],"curies":[{"name":"wp","href":"https:\/\/api.w.org\/{rel}","templated":true}]}}

<div id="dslc-theme-content"><div id="dslc-theme-content-inner">		<div data-elementor-type="wp-page" data-elementor-id="120914" class="elementor elementor-120914">
						<div class="elementor-inner">
				<div class="elementor-section-wrap">
									<section class="elementor-section elementor-top-section elementor-element elementor-element-801cb00 elementor-section-boxed elementor-section-height-default elementor-section-height-default" data-id="801cb00" data-element_type="section">
						<div class="elementor-container elementor-column-gap-default">
							<div class="elementor-row">
					<div class="elementor-column elementor-col-100 elementor-top-column elementor-element elementor-element-beea6bd" data-id="beea6bd" data-element_type="column">
			<div class="elementor-column-wrap elementor-element-populated">
							<div class="elementor-widget-wrap">
						<div class="elementor-element elementor-element-b7c8f2e elementor-widget elementor-widget-spacer" data-id="b7c8f2e" data-element_type="widget" data-widget_type="spacer.default">
				<div class="elementor-widget-container">
					<div class="elementor-spacer">
			<div class="elementor-spacer-inner"></div>
		</div>
				</div>
				</div>
						</div>
					</div>
		</div>
								</div>
					</div>
		</section>
				<section class="elementor-section elementor-top-section elementor-element elementor-element-4bf00dcd elementor-section-boxed elementor-section-height-default elementor-section-height-default" data-id="4bf00dcd" data-element_type="section">
						<div class="elementor-container elementor-column-gap-default">
							<div class="elementor-row">
					<div class="elementor-column elementor-col-100 elementor-top-column elementor-element elementor-element-29809352" data-id="29809352" data-element_type="column">
			<div class="elementor-column-wrap elementor-element-populated">
							<div class="elementor-widget-wrap">
						<div class="elementor-element elementor-element-4c3fe37a elementor-widget elementor-widget-text-editor" data-id="4c3fe37a" data-element_type="widget" data-widget_type="text-editor.default">
				<div class="elementor-widget-container">
								<div class="elementor-text-editor elementor-clearfix">
				<strong><a href="http://www.cefihgu.es/wp-content/uploads/1-PECO.jpg"><img loading="lazy" class="alignleft wp-image-121885 size-medium" src="http://www.cefihgu.es/wp-content/uploads/1-PECO-203x300.jpg" alt="PECO" width="203" height="300" srcset="https://cefihgu.es/wp-content/uploads/1-PECO-203x300.jpg 203w, https://cefihgu.es/wp-content/uploads/1-PECO.jpg 684w" sizes="(max-width: 203px) 100vw, 203px" /></a>Eugenio Ruiz Garcia</strong> He was born in Molina de Aragón on March 21, 1921. He was linked throughout his life to the store called <strong>“I sin”,</strong> located in the Plaza de San Pedro of this town. The name of the trade &quot;Peco&quot; comes from his maternal grandmother, who had this last name. From her it passed to her son Luis Ruíz and from him to two of his sons, Cándido and Eugenio. The business underwent some changes over time, without abandoning its initial occupation of haberdashery, gradually expanding to perfumery, gifts and <strong>photography studio. </strong>

The studio was installed in the same building as the store and the family residence around 1947, when the two brothers had learned developing techniques. Both alternated working in the store and in the photographic studio. Eugenio carried out external work, going where he was required to do a photographic report or the photos of the Identity Card. The realization of the portraits for the DNI was the driving activity of the Peco Photographic Studio, reaching all the inhabited corners of the Señorío de Molina and the reason why all its adult inhabitants, for three decades, were photographed by Eugenio Ruiz. On the back of the photographs was “Peco photographic reports”. Eugenio Ruíz did a meticulous job, especially conservation, keeping all the negatives, which were revealed in the study, corresponding to 87 towns in the Señorío and another 35 more in the province of Guadalajara and the bordering areas of Teruel and Zaragoza. It is the graphic history of an era of the Señorío de Molina and its capital. The photographs are sociological documents of high descriptive value, which open the doors of memory: images of a time, of a culture, of a community, showing the solemnity and grandeur of its people in their faces and clothing. In May 2004, the family deposited their Photographic Archive at the CEFIHGU for conservation.					</div>
						</div>
				</div>
						</div>
					</div>
		</div>
								</div>
					</div>
		</section>
				<section class="elementor-section elementor-top-section elementor-element elementor-element-ca34e63 elementor-section-boxed elementor-section-height-default elementor-section-height-default" data-id="ca34e63" data-element_type="section">
						<div class="elementor-container elementor-column-gap-default">
							<div class="elementor-row">
					<div class="elementor-column elementor-col-100 elementor-top-column elementor-element elementor-element-31b7daf" data-id="31b7daf" data-element_type="column">
			<div class="elementor-column-wrap elementor-element-populated">
							<div class="elementor-widget-wrap">
						<div class="elementor-element elementor-element-915e12a elementor-widget elementor-widget-spacer" data-id="915e12a" data-element_type="widget" data-widget_type="spacer.default">
				<div class="elementor-widget-container">
					<div class="elementor-spacer">
			<div class="elementor-spacer-inner"></div>
		</div>
				</div>
				</div>
						</div>
					</div>
		</div>
								</div>
					</div>
		</section>
									</div>
			</div>
					</div>
		</div></div>

<p>Eugenio Ruíz García was born in Molina de Aragón on March 21, 1921. Throughout his life he was linked to the store called “Peco”, located in the Plaza de San Pedro in this town. The name of the trade &quot;Peco&quot; comes from his maternal grandmother, who had this last name. From her he passed to his […]</p>
